{"id":1079,"date":"2024-11-27T18:52:56","date_gmt":"2024-11-27T18:52:56","guid":{"rendered":"http:\/\/www.acg-sa.com.ar\/?page_id=1079"},"modified":"2024-12-19T16:41:37","modified_gmt":"2024-12-19T16:41:37","slug":"proyectos","status":"publish","type":"page","link":"http:\/\/www.acg-sa.com.ar\/?page_id=1079","title":{"rendered":"Proyectos"},"content":{"rendered":"\t\t<div data-elementor-type=\"wp-page\" data-elementor-id=\"1079\" class=\"elementor elementor-1079\" data-elementor-post-type=\"page\">\n\t\t\t\t<div class=\"elementor-element elementor-element-b50e21f e-flex e-con-boxed e-con e-parent\" data-id=\"b50e21f\" data-element_type=\"container\">\n\t\t\t\t\t<div class=\"e-con-inner\">\n\t\t<div class=\"elementor-element elementor-element-fddd1b9 e-con-full e-flex e-con e-child\" data-id=\"fddd1b9\" data-element_type=\"container\">\n\t\t\t\t<div class=\"elementor-element elementor-element-46caf69 elementor-widget__width-initial elementor-invisible elementor-widget elementor-widget-heading\" data-id=\"46caf69\" data-element_type=\"widget\" data-settings=\"{&quot;_animation&quot;:&quot;fadeInLeft&quot;}\" data-widget_type=\"heading.default\">\n\t\t\t\t<div class=\"elementor-widget-container\">\n\t\t\t\t\t<h1 class=\"elementor-heading-title elementor-size-default\">PROYECTOS &amp; EXPERIENCIA<\/h1>\t\t\t\t<\/div>\n\t\t\t\t<\/div>\n\t\t\t\t<\/div>\n\t\t<div class=\"elementor-element elementor-element-5213382 e-con-full e-flex e-con e-child\" data-id=\"5213382\" data-element_type=\"container\">\n\t\t\t\t<div class=\"elementor-element elementor-element-618cd4a elementor-widget elementor-widget-text-editor\" data-id=\"618cd4a\" data-element_type=\"widget\" data-widget_type=\"text-editor.default\">\n\t\t\t\t<div class=\"elementor-widget-container\">\n\t\t\t\t\t\t\t\t\t<p>ACG cuenta con una s\u00f3lida trayectoria en el mercado, especializada en el desarrollo de proyectos de gran envergadura. Con a\u00f1os de experiencia, ha llevado a cabo importantes proyectos, destac\u00e1ndose por su compromiso con la calidad e innovaci\u00f3n.<\/p>\t\t\t\t\t\t\t\t<\/div>\n\t\t\t\t<\/div>\n\t\t\t\t<\/div>\n\t\t\t\t\t<\/div>\n\t\t\t\t<\/div>\n\t\t<div class=\"elementor-element elementor-element-75d74de e-flex e-con-boxed e-con e-parent\" data-id=\"75d74de\" data-element_type=\"container\">\n\t\t\t\t\t<div class=\"e-con-inner\">\n\t\t\t\t<div class=\"elementor-element elementor-element-57e76b9 elementor-grid-3 elementor-grid-tablet-2 elementor-grid-mobile-1 elementor-posts--thumbnail-top elementor-posts__hover-gradient elementor-widget elementor-widget-posts\" data-id=\"57e76b9\" data-element_type=\"widget\" data-settings=\"{&quot;cards_columns&quot;:&quot;3&quot;,&quot;cards_columns_tablet&quot;:&quot;2&quot;,&quot;cards_columns_mobile&quot;:&quot;1&quot;,&quot;cards_row_gap&quot;:{&quot;unit&quot;:&quot;px&quot;,&quot;size&quot;:35,&quot;sizes&quot;:[]},&quot;cards_row_gap_tablet&quot;:{&quot;unit&quot;:&quot;px&quot;,&quot;size&quot;:&quot;&quot;,&quot;sizes&quot;:[]},&quot;cards_row_gap_mobile&quot;:{&quot;unit&quot;:&quot;px&quot;,&quot;size&quot;:&quot;&quot;,&quot;sizes&quot;:[]}}\" data-widget_type=\"posts.cards\">\n\t\t\t\t<div class=\"elementor-widget-container\">\n\t\t\t\t\t\t\t<div class=\"elementor-posts-container elementor-posts elementor-posts--skin-cards elementor-grid\">\n\t\t\t\t<article class=\"elementor-post elementor-grid-item post-1635 post type-post status-publish format-standard has-post-thumbnail hentry category-proyectos\">\n\t\t\t<div class=\"elementor-post__card\">\n\t\t\t\t<a class=\"elementor-post__thumbnail__link\" href=\"http:\/\/www.acg-sa.com.ar\/?p=1635\" tabindex=\"-1\" ><div class=\"elementor-post__thumbnail\"><img fetchpriority=\"high\" decoding=\"async\" width=\"344\" height=\"258\" src=\"http:\/\/www.acg-sa.com.ar\/wp-content\/uploads\/2024\/11\/proyectos1.png\" class=\"attachment-medium_large size-medium_large wp-image-1098\" alt=\"\" srcset=\"http:\/\/www.acg-sa.com.ar\/wp-content\/uploads\/2024\/11\/proyectos1.png 344w, http:\/\/www.acg-sa.com.ar\/wp-content\/uploads\/2024\/11\/proyectos1-300x225.png 300w\" sizes=\"(max-width: 344px) 100vw, 344px\" \/><\/div><\/a>\n\t\t\t\t<div class=\"elementor-post__text\">\n\t\t\t\t<h3 class=\"elementor-post__title\">\n\t\t\t<a href=\"http:\/\/www.acg-sa.com.ar\/?p=1635\" >\n\t\t\t\tActualizaci\u00f3n de Simulador de Helic\u00f3ptero &#8211; PNA\t\t\t<\/a>\n\t\t<\/h3>\n\t\t\t\t<div class=\"elementor-post__excerpt\">\n\t\t\t<p>Actualizaci\u00f3n del Simulador de Helic\u00f3ptero \u2013 Prefectura Naval Argentina American Consulting Group (ACG), en el marco de su continua labor&#8230;<\/p>\n\t\t<\/div>\n\t\t\n\t\t<a class=\"elementor-post__read-more\" href=\"http:\/\/www.acg-sa.com.ar\/?p=1635\" aria-label=\"Read more about Actualizaci\u00f3n de Simulador de Helic\u00f3ptero &#8211; PNA\" tabindex=\"-1\" >\n\t\t\tVer proyecto \u00bb\t\t<\/a>\n\n\t\t\t\t<\/div>\n\t\t\t\t\t<\/div>\n\t\t<\/article>\n\t\t\t\t<article class=\"elementor-post elementor-grid-item post-1633 post type-post status-publish format-standard has-post-thumbnail hentry category-proyectos\">\n\t\t\t<div class=\"elementor-post__card\">\n\t\t\t\t<a class=\"elementor-post__thumbnail__link\" href=\"http:\/\/www.acg-sa.com.ar\/?p=1633\" tabindex=\"-1\" ><div class=\"elementor-post__thumbnail\"><img decoding=\"async\" width=\"766\" height=\"771\" src=\"http:\/\/www.acg-sa.com.ar\/wp-content\/uploads\/2024\/11\/IMG_0833.png\" class=\"attachment-medium_large size-medium_large wp-image-1111\" alt=\"\" srcset=\"http:\/\/www.acg-sa.com.ar\/wp-content\/uploads\/2024\/11\/IMG_0833.png 766w, http:\/\/www.acg-sa.com.ar\/wp-content\/uploads\/2024\/11\/IMG_0833-298x300.png 298w, http:\/\/www.acg-sa.com.ar\/wp-content\/uploads\/2024\/11\/IMG_0833-150x150.png 150w\" sizes=\"(max-width: 766px) 100vw, 766px\" \/><\/div><\/a>\n\t\t\t\t<div class=\"elementor-post__text\">\n\t\t\t\t<h3 class=\"elementor-post__title\">\n\t\t\t<a href=\"http:\/\/www.acg-sa.com.ar\/?p=1633\" >\n\t\t\t\tActualizacion VTS &#8211; Puerto de Bahia Blanca\t\t\t<\/a>\n\t\t<\/h3>\n\t\t\t\t<div class=\"elementor-post__excerpt\">\n\t\t\t<p>Actualizaci\u00f3n del Sistema VTS \u2013 Puerto de Bah\u00eda Blanca American Consulting Group (ACG), con una reconocida trayectoria en el desarrollo&#8230;<\/p>\n\t\t<\/div>\n\t\t\n\t\t<a class=\"elementor-post__read-more\" href=\"http:\/\/www.acg-sa.com.ar\/?p=1633\" aria-label=\"Read more about Actualizacion VTS &#8211; Puerto de Bahia Blanca\" tabindex=\"-1\" >\n\t\t\tVer proyecto \u00bb\t\t<\/a>\n\n\t\t\t\t<\/div>\n\t\t\t\t\t<\/div>\n\t\t<\/article>\n\t\t\t\t<article class=\"elementor-post elementor-grid-item post-1628 post type-post status-publish format-standard has-post-thumbnail hentry category-proyectos\">\n\t\t\t<div class=\"elementor-post__card\">\n\t\t\t\t<a class=\"elementor-post__thumbnail__link\" href=\"http:\/\/www.acg-sa.com.ar\/?p=1628\" tabindex=\"-1\" ><div class=\"elementor-post__thumbnail\"><img decoding=\"async\" width=\"640\" height=\"480\" src=\"http:\/\/www.acg-sa.com.ar\/wp-content\/uploads\/2025\/10\/IMG_1284.jpg\" class=\"attachment-medium_large size-medium_large wp-image-1629\" alt=\"\" srcset=\"http:\/\/www.acg-sa.com.ar\/wp-content\/uploads\/2025\/10\/IMG_1284.jpg 640w, http:\/\/www.acg-sa.com.ar\/wp-content\/uploads\/2025\/10\/IMG_1284-300x225.jpg 300w\" sizes=\"(max-width: 640px) 100vw, 640px\" \/><\/div><\/a>\n\t\t\t\t<div class=\"elementor-post__text\">\n\t\t\t\t<h3 class=\"elementor-post__title\">\n\t\t\t<a href=\"http:\/\/www.acg-sa.com.ar\/?p=1628\" >\n\t\t\t\tSimulador de Cargas Liquidas &#8211; Centro de Capitanes de Ultramar y Oficiales de la Marina Mercante\t\t\t<\/a>\n\t\t<\/h3>\n\t\t\t\t<div class=\"elementor-post__excerpt\">\n\t\t\t<p>Simulador de Cargas L\u00edquidas \u2013 Centro de Capitanes de Ultramar y Oficiales de la Marina Mercante American Consulting Group (ACG),&#8230;<\/p>\n\t\t<\/div>\n\t\t\n\t\t<a class=\"elementor-post__read-more\" href=\"http:\/\/www.acg-sa.com.ar\/?p=1628\" aria-label=\"Read more about Simulador de Cargas Liquidas &#8211; Centro de Capitanes de Ultramar y Oficiales de la Marina Mercante\" tabindex=\"-1\" >\n\t\t\tVer proyecto \u00bb\t\t<\/a>\n\n\t\t\t\t<\/div>\n\t\t\t\t\t<\/div>\n\t\t<\/article>\n\t\t\t\t<article class=\"elementor-post elementor-grid-item post-1623 post type-post status-publish format-standard has-post-thumbnail hentry category-proyectos\">\n\t\t\t<div class=\"elementor-post__card\">\n\t\t\t\t<a class=\"elementor-post__thumbnail__link\" href=\"http:\/\/www.acg-sa.com.ar\/?p=1623\" tabindex=\"-1\" ><div class=\"elementor-post__thumbnail\"><img loading=\"lazy\" decoding=\"async\" width=\"640\" height=\"480\" src=\"http:\/\/www.acg-sa.com.ar\/wp-content\/uploads\/2025\/10\/IMG_9573-2.jpg\" class=\"attachment-medium_large size-medium_large wp-image-1625\" alt=\"\" srcset=\"http:\/\/www.acg-sa.com.ar\/wp-content\/uploads\/2025\/10\/IMG_9573-2.jpg 640w, http:\/\/www.acg-sa.com.ar\/wp-content\/uploads\/2025\/10\/IMG_9573-2-300x225.jpg 300w\" sizes=\"(max-width: 640px) 100vw, 640px\" \/><\/div><\/a>\n\t\t\t\t<div class=\"elementor-post__text\">\n\t\t\t\t<h3 class=\"elementor-post__title\">\n\t\t\t<a href=\"http:\/\/www.acg-sa.com.ar\/?p=1623\" >\n\t\t\t\tSimulador Full Mission &#8211; Escuela Superior (PNA)\t\t\t<\/a>\n\t\t<\/h3>\n\t\t\t\t<div class=\"elementor-post__excerpt\">\n\t\t\t<p>Actualizaci\u00f3n del Simulador Full Mission Clase A \u2013 Escuela Superior de la Prefectura Naval Argentina American Consulting Group (ACG), empresa&#8230;<\/p>\n\t\t<\/div>\n\t\t\n\t\t<a class=\"elementor-post__read-more\" href=\"http:\/\/www.acg-sa.com.ar\/?p=1623\" aria-label=\"Read more about Simulador Full Mission &#8211; Escuela Superior (PNA)\" tabindex=\"-1\" >\n\t\t\tVer proyecto \u00bb\t\t<\/a>\n\n\t\t\t\t<\/div>\n\t\t\t\t\t<\/div>\n\t\t<\/article>\n\t\t\t\t<article class=\"elementor-post elementor-grid-item post-1484 post type-post status-publish format-standard has-post-thumbnail hentry category-proyectos\">\n\t\t\t<div class=\"elementor-post__card\">\n\t\t\t\t<a class=\"elementor-post__thumbnail__link\" href=\"http:\/\/www.acg-sa.com.ar\/?p=1484\" tabindex=\"-1\" ><div class=\"elementor-post__thumbnail\"><img loading=\"lazy\" decoding=\"async\" width=\"768\" height=\"512\" src=\"http:\/\/www.acg-sa.com.ar\/wp-content\/uploads\/2024\/11\/ACG-galeria-11-768x512.jpg\" class=\"attachment-medium_large size-medium_large wp-image-1559\" alt=\"\" srcset=\"http:\/\/www.acg-sa.com.ar\/wp-content\/uploads\/2024\/11\/ACG-galeria-11-768x512.jpg 768w, http:\/\/www.acg-sa.com.ar\/wp-content\/uploads\/2024\/11\/ACG-galeria-11-300x200.jpg 300w, http:\/\/www.acg-sa.com.ar\/wp-content\/uploads\/2024\/11\/ACG-galeria-11-1024x683.jpg 1024w, http:\/\/www.acg-sa.com.ar\/wp-content\/uploads\/2024\/11\/ACG-galeria-11-1536x1024.jpg 1536w, http:\/\/www.acg-sa.com.ar\/wp-content\/uploads\/2024\/11\/ACG-galeria-11-2048x1365.jpg 2048w\" sizes=\"(max-width: 768px) 100vw, 768px\" \/><\/div><\/a>\n\t\t\t\t<div class=\"elementor-post__text\">\n\t\t\t\t<h3 class=\"elementor-post__title\">\n\t\t\t<a href=\"http:\/\/www.acg-sa.com.ar\/?p=1484\" >\n\t\t\t\tCentros de Monitoreo Fluviales (AGP)\t\t\t<\/a>\n\t\t<\/h3>\n\t\t\t\t<div class=\"elementor-post__excerpt\">\n\t\t\t<p>Centros de Monitoreo Fluvial \u2013 Administraci\u00f3n General de Puertos (AGP) American Consulting Group (ACG), apoy\u00e1ndose en su experiencia t\u00e9cnica y&#8230;<\/p>\n\t\t<\/div>\n\t\t\n\t\t<a class=\"elementor-post__read-more\" href=\"http:\/\/www.acg-sa.com.ar\/?p=1484\" aria-label=\"Read more about Centros de Monitoreo Fluviales (AGP)\" tabindex=\"-1\" >\n\t\t\tVer proyecto \u00bb\t\t<\/a>\n\n\t\t\t\t<\/div>\n\t\t\t\t\t<\/div>\n\t\t<\/article>\n\t\t\t\t<article class=\"elementor-post elementor-grid-item post-1247 post type-post status-publish format-standard has-post-thumbnail hentry category-proyectos\">\n\t\t\t<div class=\"elementor-post__card\">\n\t\t\t\t<a class=\"elementor-post__thumbnail__link\" href=\"http:\/\/www.acg-sa.com.ar\/?p=1247\" tabindex=\"-1\" ><div class=\"elementor-post__thumbnail\"><img loading=\"lazy\" decoding=\"async\" width=\"576\" height=\"1280\" src=\"http:\/\/www.acg-sa.com.ar\/wp-content\/uploads\/2024\/11\/PHOTO-2025-09-09-11-36-55.jpg\" class=\"attachment-medium_large size-medium_large wp-image-1618\" alt=\"\" srcset=\"http:\/\/www.acg-sa.com.ar\/wp-content\/uploads\/2024\/11\/PHOTO-2025-09-09-11-36-55.jpg 576w, http:\/\/www.acg-sa.com.ar\/wp-content\/uploads\/2024\/11\/PHOTO-2025-09-09-11-36-55-135x300.jpg 135w, http:\/\/www.acg-sa.com.ar\/wp-content\/uploads\/2024\/11\/PHOTO-2025-09-09-11-36-55-461x1024.jpg 461w\" sizes=\"(max-width: 576px) 100vw, 576px\" \/><\/div><\/a>\n\t\t\t\t<div class=\"elementor-post__text\">\n\t\t\t\t<h3 class=\"elementor-post__title\">\n\t\t\t<a href=\"http:\/\/www.acg-sa.com.ar\/?p=1247\" >\n\t\t\t\tRed de Hidr\u00f3metros VNT (AGP)\t\t\t<\/a>\n\t\t<\/h3>\n\t\t\t\t<div class=\"elementor-post__excerpt\">\n\t\t\t<p>Red de Hidr\u00f3metros \u2013 Administraci\u00f3n General de Puertos (AGP) American Consulting Group (ACG), bas\u00e1ndose en su amplia experiencia t\u00e9cnica y&#8230;<\/p>\n\t\t<\/div>\n\t\t\n\t\t<a class=\"elementor-post__read-more\" href=\"http:\/\/www.acg-sa.com.ar\/?p=1247\" aria-label=\"Read more about Red de Hidr\u00f3metros VNT (AGP)\" tabindex=\"-1\" >\n\t\t\tVer proyecto \u00bb\t\t<\/a>\n\n\t\t\t\t<\/div>\n\t\t\t\t\t<\/div>\n\t\t<\/article>\n\t\t\t\t<\/div>\n\t\t\n\t\t\t\t\t\t<\/div>\n\t\t\t\t<\/div>\n\t\t\t\t\t<\/div>\n\t\t\t\t<\/div>\n\t\t\t\t<\/div>\n\t\t","protected":false},"excerpt":{"rendered":"<p>PROYECTOS &amp; EXPERIENCIA ACG cuenta con una s\u00f3lida trayectoria en el mercado, especializada en el desarrollo de proyectos de gran envergadura. Con a\u00f1os de experiencia, ha llevado a cabo importantes proyectos, destac\u00e1ndose por su compromiso con la calidad e innovaci\u00f3n.<\/p>\n","protected":false},"author":1,"featured_media":0,"parent":0,"menu_order":0,"comment_status":"closed","ping_status":"closed","template":"","meta":{"site-sidebar-layout":"no-sidebar","site-content-layout":"page-builder","ast-site-content-layout":"full-width-container","site-content-style":"default","site-sidebar-style":"default","ast-global-header-display":"","ast-banner-title-visibility":"","ast-main-header-display":"","ast-hfb-above-header-display":"","ast-hfb-below-header-display":"","ast-hfb-mobile-header-display":"","site-post-title":"disabled","ast-breadcrumbs-content":"","ast-featured-img":"disabled","footer-sml-layout":"","theme-transparent-header-meta":"default","adv-header-id-meta":"","stick-header-meta":"default","header-above-stick-meta":"","header-main-stick-meta":"","header-below-stick-meta":"","astra-migrate-meta-layouts":"set","ast-page-background-enabled":"default","ast-page-background-meta":{"desktop":{"background-color":"","background-image":"","background-repeat":"repeat","background-position":"center center","background-size":"auto","background-attachment":"scroll","background-type":"","background-media":"","overlay-type":"","overlay-color":"","overlay-opacity":"","overlay-gradient":""},"tablet":{"background-color":"","background-image":"","background-repeat":"repeat","background-position":"center center","background-size":"auto","background-attachment":"scroll","background-type":"","background-media":"","overlay-type":"","overlay-color":"","overlay-opacity":"","overlay-gradient":""},"mobile":{"background-color":"","background-image":"","background-repeat":"repeat","background-position":"center center","background-size":"auto","background-attachment":"scroll","background-type":"","background-media":"","overlay-type":"","overlay-color":"","overlay-opacity":"","overlay-gradient":""}},"ast-content-background-meta":{"desktop":{"background-color":"var(--ast-global-color-5)","background-image":"","background-repeat":"repeat","background-position":"center center","background-size":"auto","background-attachment":"scroll","background-type":"","background-media":"","overlay-type":"","overlay-color":"","overlay-opacity":"","overlay-gradient":""},"tablet":{"background-color":"var(--ast-global-color-5)","background-image":"","background-repeat":"repeat","background-position":"center center","background-size":"auto","background-attachment":"scroll","background-type":"","background-media":"","overlay-type":"","overlay-color":"","overlay-opacity":"","overlay-gradient":""},"mobile":{"background-color":"var(--ast-global-color-5)","background-image":"","background-repeat":"repeat","background-position":"center center","background-size":"auto","background-attachment":"scroll","background-type":"","background-media":"","overlay-type":"","overlay-color":"","overlay-opacity":"","overlay-gradient":""}},"footnotes":""},"class_list":["post-1079","page","type-page","status-publish","hentry"],"yoast_head":"<!-- This site is optimized with the Yoast SEO plugin v24.2 - https:\/\/yoast.com\/wordpress\/plugins\/seo\/ -->\n<title>Proyectos - American Consulting Group<\/title>\n<meta name=\"robots\" content=\"noindex, follow, max-snippet:-1, max-image-preview:large, max-video-preview:-1\" \/>\n<meta property=\"og:locale\" content=\"es_ES\" \/>\n<meta property=\"og:type\" content=\"article\" \/>\n<meta property=\"og:title\" content=\"Proyectos - American Consulting Group\" \/>\n<meta property=\"og:description\" content=\"PROYECTOS &amp; EXPERIENCIA ACG cuenta con una s\u00f3lida trayectoria en el mercado, especializada en el desarrollo de proyectos de gran envergadura. Con a\u00f1os de experiencia, ha llevado a cabo importantes proyectos, destac\u00e1ndose por su compromiso con la calidad e innovaci\u00f3n.\" \/>\n<meta property=\"og:url\" content=\"http:\/\/www.acg-sa.com.ar\/?page_id=1079\" \/>\n<meta property=\"og:site_name\" content=\"American Consulting Group\" \/>\n<meta property=\"article:modified_time\" content=\"2024-12-19T16:41:37+00:00\" \/>\n<meta name=\"twitter:card\" content=\"summary_large_image\" \/>\n<meta name=\"twitter:label1\" content=\"Tiempo de lectura\" \/>\n\t<meta name=\"twitter:data1\" content=\"2 minutos\" \/>\n<script type=\"application\/ld+json\" class=\"yoast-schema-graph\">{\"@context\":\"https:\/\/schema.org\",\"@graph\":[{\"@type\":\"WebPage\",\"@id\":\"http:\/\/www.acg-sa.com.ar\/?page_id=1079\",\"url\":\"http:\/\/www.acg-sa.com.ar\/?page_id=1079\",\"name\":\"Proyectos - American Consulting Group\",\"isPartOf\":{\"@id\":\"http:\/\/www.acg-sa.com.ar\/#website\"},\"datePublished\":\"2024-11-27T18:52:56+00:00\",\"dateModified\":\"2024-12-19T16:41:37+00:00\",\"breadcrumb\":{\"@id\":\"http:\/\/www.acg-sa.com.ar\/?page_id=1079#breadcrumb\"},\"inLanguage\":\"es\",\"potentialAction\":[{\"@type\":\"ReadAction\",\"target\":[\"http:\/\/www.acg-sa.com.ar\/?page_id=1079\"]}]},{\"@type\":\"BreadcrumbList\",\"@id\":\"http:\/\/www.acg-sa.com.ar\/?page_id=1079#breadcrumb\",\"itemListElement\":[{\"@type\":\"ListItem\",\"position\":1,\"name\":\"Portada\",\"item\":\"http:\/\/www.acg-sa.com.ar\/\"},{\"@type\":\"ListItem\",\"position\":2,\"name\":\"Proyectos\"}]},{\"@type\":\"WebSite\",\"@id\":\"http:\/\/www.acg-sa.com.ar\/#website\",\"url\":\"http:\/\/www.acg-sa.com.ar\/\",\"name\":\"American Consulting Group\",\"description\":\"Just Another Diagnostics Lab Site \",\"publisher\":{\"@id\":\"http:\/\/www.acg-sa.com.ar\/#organization\"},\"potentialAction\":[{\"@type\":\"SearchAction\",\"target\":{\"@type\":\"EntryPoint\",\"urlTemplate\":\"http:\/\/www.acg-sa.com.ar\/?s={search_term_string}\"},\"query-input\":{\"@type\":\"PropertyValueSpecification\",\"valueRequired\":true,\"valueName\":\"search_term_string\"}}],\"inLanguage\":\"es\"},{\"@type\":\"Organization\",\"@id\":\"http:\/\/www.acg-sa.com.ar\/#organization\",\"name\":\"American Consulting Group\",\"url\":\"http:\/\/www.acg-sa.com.ar\/\",\"logo\":{\"@type\":\"ImageObject\",\"inLanguage\":\"es\",\"@id\":\"http:\/\/www.acg-sa.com.ar\/#\/schema\/logo\/image\/\",\"url\":\"http:\/\/www.acg-sa.com.ar\/wp-content\/uploads\/2024\/11\/ACG-logo.png\",\"contentUrl\":\"http:\/\/www.acg-sa.com.ar\/wp-content\/uploads\/2024\/11\/ACG-logo.png\",\"width\":1481,\"height\":500,\"caption\":\"American Consulting Group\"},\"image\":{\"@id\":\"http:\/\/www.acg-sa.com.ar\/#\/schema\/logo\/image\/\"}}]}<\/script>\n<!-- \/ Yoast SEO plugin. -->","yoast_head_json":{"title":"Proyectos - American Consulting Group","robots":{"index":"noindex","follow":"follow","max-snippet":"max-snippet:-1","max-image-preview":"max-image-preview:large","max-video-preview":"max-video-preview:-1"},"og_locale":"es_ES","og_type":"article","og_title":"Proyectos - American Consulting Group","og_description":"PROYECTOS &amp; EXPERIENCIA ACG cuenta con una s\u00f3lida trayectoria en el mercado, especializada en el desarrollo de proyectos de gran envergadura. Con a\u00f1os de experiencia, ha llevado a cabo importantes proyectos, destac\u00e1ndose por su compromiso con la calidad e innovaci\u00f3n.","og_url":"http:\/\/www.acg-sa.com.ar\/?page_id=1079","og_site_name":"American Consulting Group","article_modified_time":"2024-12-19T16:41:37+00:00","twitter_card":"summary_large_image","twitter_misc":{"Tiempo de lectura":"2 minutos"},"schema":{"@context":"https:\/\/schema.org","@graph":[{"@type":"WebPage","@id":"http:\/\/www.acg-sa.com.ar\/?page_id=1079","url":"http:\/\/www.acg-sa.com.ar\/?page_id=1079","name":"Proyectos - American Consulting Group","isPartOf":{"@id":"http:\/\/www.acg-sa.com.ar\/#website"},"datePublished":"2024-11-27T18:52:56+00:00","dateModified":"2024-12-19T16:41:37+00:00","breadcrumb":{"@id":"http:\/\/www.acg-sa.com.ar\/?page_id=1079#breadcrumb"},"inLanguage":"es","potentialAction":[{"@type":"ReadAction","target":["http:\/\/www.acg-sa.com.ar\/?page_id=1079"]}]},{"@type":"BreadcrumbList","@id":"http:\/\/www.acg-sa.com.ar\/?page_id=1079#breadcrumb","itemListElement":[{"@type":"ListItem","position":1,"name":"Portada","item":"http:\/\/www.acg-sa.com.ar\/"},{"@type":"ListItem","position":2,"name":"Proyectos"}]},{"@type":"WebSite","@id":"http:\/\/www.acg-sa.com.ar\/#website","url":"http:\/\/www.acg-sa.com.ar\/","name":"American Consulting Group","description":"Just Another Diagnostics Lab Site ","publisher":{"@id":"http:\/\/www.acg-sa.com.ar\/#organization"},"potentialAction":[{"@type":"SearchAction","target":{"@type":"EntryPoint","urlTemplate":"http:\/\/www.acg-sa.com.ar\/?s={search_term_string}"},"query-input":{"@type":"PropertyValueSpecification","valueRequired":true,"valueName":"search_term_string"}}],"inLanguage":"es"},{"@type":"Organization","@id":"http:\/\/www.acg-sa.com.ar\/#organization","name":"American Consulting Group","url":"http:\/\/www.acg-sa.com.ar\/","logo":{"@type":"ImageObject","inLanguage":"es","@id":"http:\/\/www.acg-sa.com.ar\/#\/schema\/logo\/image\/","url":"http:\/\/www.acg-sa.com.ar\/wp-content\/uploads\/2024\/11\/ACG-logo.png","contentUrl":"http:\/\/www.acg-sa.com.ar\/wp-content\/uploads\/2024\/11\/ACG-logo.png","width":1481,"height":500,"caption":"American Consulting Group"},"image":{"@id":"http:\/\/www.acg-sa.com.ar\/#\/schema\/logo\/image\/"}}]}},"lang":"es","translations":{"es":1079,"en":1406},"pll_sync_post":[],"_links":{"self":[{"href":"http:\/\/www.acg-sa.com.ar\/index.php?rest_route=\/wp\/v2\/pages\/1079","targetHints":{"allow":["GET"]}}],"collection":[{"href":"http:\/\/www.acg-sa.com.ar\/index.php?rest_route=\/wp\/v2\/pages"}],"about":[{"href":"http:\/\/www.acg-sa.com.ar\/index.php?rest_route=\/wp\/v2\/types\/page"}],"author":[{"embeddable":true,"href":"http:\/\/www.acg-sa.com.ar\/index.php?rest_route=\/wp\/v2\/users\/1"}],"replies":[{"embeddable":true,"href":"http:\/\/www.acg-sa.com.ar\/index.php?rest_route=%2Fwp%2Fv2%2Fcomments&post=1079"}],"version-history":[{"count":61,"href":"http:\/\/www.acg-sa.com.ar\/index.php?rest_route=\/wp\/v2\/pages\/1079\/revisions"}],"predecessor-version":[{"id":1492,"href":"http:\/\/www.acg-sa.com.ar\/index.php?rest_route=\/wp\/v2\/pages\/1079\/revisions\/1492"}],"wp:attachment":[{"href":"http:\/\/www.acg-sa.com.ar\/index.php?rest_route=%2Fwp%2Fv2%2Fmedia&parent=1079"}],"curies":[{"name":"wp","href":"https:\/\/api.w.org\/{rel}","templated":true}]}}